(-1).
-67
Let z(o) = o**2 + 15*o + 82. Determine z(-31).
578
Let l(u) = -49*u - 415. Give l(-11).
124
Let z(m) = -m**2 - 29*m - 109. Calculate z(-24).
11
Let n(k) = -2*k**3 - 32*k**2 - 140*k - 126. Determine n(-7).
-28
Let s(w) = -2*w**2 - 10*w + 90. What is s(-13)?
-118
Let t(a) = 41*a - 1043. Calculate t(26).
23
Let t(f) = -f**3 + 12*f**2 + 33*f + 114. Calculate t(15).
-66
Let l(h) = 6961*h + 13910. Determine l(-2).
-12
Let k(p) = p**3 + 7*p**2 + 22*p + 41. Determine k(-3).
11
Let r(j) = -j**3 - 51*j**2 - 48*j + 36. Calculate r(-50).
-64
Let j(z) = z**3 + 44*z**2 - 72*z - 3161. Determine j(-44).
7
Let l(w) = w**2 + 9*w + 55. What is l(9)?
217
Let k(y) = -47*y + 3628. Calculate k(77).
9
Let g(b) = -282*b + 1563. Give g(6).
-129
Let l(y) = y**2 - 105*y + 2660. Calculate l(43).
-6
Let s(h) = 120*h**3 - 721*h**2 + 14. Give s(6).
-22
Let r(a) = -7*a**2 + 151*a - 716. Calculate r(7).
-2
Let w(i) = 5*i**2 - 72*i + 201. What is w(4)?
-7
Let h(f) = f**3 + 32*f**2 - 105*f - 6. Calculate h(3).
-6
Let j(r) = 5*r**2 - 811*r + 216. Determine j(162).
54
Let f(w) = -11*w**2 - 44*w - 329. Give f(-7).
-560
Let y(p) = 2*p**3 + 16*p**2 + 24*p. What is y(-6)?
0
Let t(m) = 3*m**3 + 16*m**2 + 11*m + 103. Give t(-8).
-497
Let r(w) = 5*w**2 - 162*w + 223. Determine r(31).
6
Let h(d) = -d**3 - 13*d**2 + 138*d - 39. Calculate h(-20).
1
Let y(x) = x**3 + 75*x**2 + 9*x + 671. Determine y(-75).
-4
Let j(o) = -o**3 + 8*o**2 + 134*o - 43. Give j(16).
53
Let h(x) = -2433*x - 36499. Give h(-15).
-4
Let f(c) = 532*c + 27154. Give f(-51).
22
Let x(s) = -s**2 + 22*s - 139. What is x(15)?
-34
Let f(m) = -m**2 - 145*m - 4855. Calculate f(-53).
21
Let r(b) = 4*b**2 - 2*b - 11. Calculate r(-4).
61
Let d(f) = -f**3 - 10*f**2 - 24*f - 1. Calculate d(-5).
-6
Let l(o) = -2*o**3 - 64*o**2 - 292*o - 1. Determine l(-5).
109
Let s(k) = 32*k**3 + 18*k**2 + k - 17. Determine s(-1).
-32
Let o(d) = d**2 + 24375*d - 146291. Determine o(6).
-5
Let u(o) = -23*o + 393. Give u(17).
2
Let v(u) = 4*u**2 - 28*u + 82. Give v(5).
42
Let h(z) = -262*z - 791. What is h(-3)?
-5
Let j(q) = -q**3 - 6*q**2 + 224*q - 128. Give j(12).
-32
Let o(b) = -11*b**2 + 70*b. What is o(-2)?
-184
Let c(j) = -j**3 + 17*j**2 + 57*j - 344. Give c(19).
17
Let j(b) = b**3 - 62*b**2 - 58*b - 4469. Determine j(64).
11
Let w(b) = -b**3 + 12*b**2 - 11*b - 39. What is w(9)?
105
Let t(f) = 26*f + 562. Determine t(-19).
68
Let j(y) = -40*y**3 + 75*y**2 - 8*y + 12. Calculate j(2).
-24
Let g(l) = -l**2 - 30*l - 422. Determine g(-16).
-198
Let t(m) = -750*m**2 - 5*m + 1. Calculate t(-1).
-744
Let t(v) = -v**2 - 195*v - 8916. Determine t(-121).
38
Let w(i) = 7*i**3 - 19*i**2 - 48*i. Calculate w(-3).
-216
Let p(u) = 5*u**2 + 68*u - 376. Calculate p(5).
89
Let h(k) = -k**2 + 76*k - 1449. What is h(35)?
-14
Let n(v) = -241*v - 1967. Calculate n(-9).
202
Let i(m) = -5328*m - 53260. Calculate i(-10).
20
Let c(a) = -15*a**3 + 507*a**2 + 123*a - 720. What is c(34)?
-6
Let b(i) = -i**3 - 29*i**2 + 87*i + 3234. Give b(-28).
14
Let q(f) = 3*f**2 - 156*f + 413. Calculate q(49).
-28
Let w(r) = -67*r + 60. What is w(1)?
-7
Let m(j) = 17*j**2 - 1478*j - 84. Determine m(87).
3
Let f(c) = -2*c**2 + 11*c - 14. Give f(-11).
-377
Let t(z) = -551*z + 985. What is t(2)?
-117
Let g(f) = -7*f - 168. Calculate g(-71).
329
Let j(b) = -6*b**2 - 143*b - 830. What is j(-9)?
-29
Let b(t) = -82*t - 643. Give b(-7).
-69
Let r(p) = -50*p**2 - 356*p - 44. Calculate r(-7).
-2
Let y(q) = q**2 - 55*q + 735. Calculate y(31).
-9
Let v(f) = -10*f**2 - 46*f - 255. What is v(-7)?
-423
Let t(d) = -2*d**2 - 48*d - 118. Give t(-20).
42
Let q(j) = 536*j - 199925. Calculate q(373).
3
Let y(g) = 3*g**2 - 85*g + 602. What is y(10)?
52
Let r(u) = -44*u - 3772. Calculate r(-86).
12
Let f(b) = 454*b - 3. Calculate f(0).
-3
Let y(f) = 2385*f - 11966. What is y(5)?
-41
Let m(c) = 127*c + 1157. Give m(-10).
-113
Let s(h) = h**3 - 46*h**2 - 145*h + 121. Determine s(49).
219
Let b(d) = 2*d**2 - 278*d + 2569. Calculate b(10).
-11
Let v(n) = 235*n - 6579. Give v(28).
1
Let g(m) = 2118*m + 44473. What is g(-21)?
-5
Let m(v) = -v**2 - 12*v + 11. What is m(8)?
-149
Let w(c) = -2*c**3 - 2*c**2 + 2*c + 41. Calculate w(0).
41
Let a(m) = -10*m**2 - 4236*m + 21429. What is a(5)?
-1
Let n(i) = -28*i**2 + 60*i + 1373. Determine n(-6).
5
Let z(h) = -72*h + 31. Determine z(5).
-329
Let y(r) = 26*r - 313. Give y(10).
-53
Let m(o) = -2*o**2 + 35*o - 186. Calculate m(8).
-34
Let o(z) = 3*z**2 - 616*z + 2419. Give o(4).
3
Let u(c) = -12793*c + 76765. Determine u(6).
7
Let f(k) = -275*k + 9311. What is f(34)?
-39
Let d(s) = s**3 - 50*s**2 + 123*s - 3627. Determine d(49).
-1
Let w(d) = -d**3 + 12*d**2 - 22*d - 15. Give w(3).
0
Let c(q) = -q**2 + 2547*q + 12760. Determine c(-5).
0
Let x(o) = o**2 + 31*o + 109. What is x(-6)?
-41
Let n(w) = 8*w + 78. What is n(-24)?
-114
Let z(h) = 117*h - 2227. What is z(19)?
-4
Let p(n) = -8*n**2 - 14*n + 20. Determine p(-6).
-184
Let w(n) = 365*n - 800. Calculate w(2).
-70
Let i(m) = -25*m - 115. Give i(2).
-165
Let c(y) = 597*y + 79397. Determine c(-133).
-4
Let p(n) = -n**3 - 11*n**2 + 17*n + 218. What is p(-13)?
335
Let p(v) = 3*v**2 - 130*v + 967. Give p(34).
15
Let m(v) = -33*v + 89. Calculate m(6).
-109
Let t(x) = x**3 + 20*x**2 - 19*x + 63. Determine t(-22).
-487
Let y(m) = 14*m**2 + 215*m - 435. Determine y(2).
51
Let n(d) = 17*d + 68. What is n(-8)?
-68
Let h(t) = -525*t**3 + 1574*t**2 - t + 6. Calculate h(3).
-6
Let z(p) = -p**3 + 8*p**2 + 14*p - 30. What is z(8)?
82
Let y(f) = -2*f**3 - 12*f**2 + 70*f + 415. What is y(-6)?
-5
Let v(f) = 70*f**2 + 211*f + 4. Give v(-3).
1
Let r(c) = -c**2 + 56*c + 406. Give r(-6).
34
Let j(o) = 2*o**2 + 44*o + 172. Calculate j(-17).
2
Let u(a) = -4*a**3 + 30*a**2 + 47*a - 248. Give u(8).
0
Let z(x) = -225*x + 19572. Give z(87).
-3
Let k(m) = -4*m - 114. What is k(38)?
-266
Let g(x) = -70*x + 80. Give g(0).
80
Let g(q) = 29*q - 123. Calculate g(13).
254
Let o(x) = x**2 - 8*x - 1949. Calculate o(49).
60
Let q(c) = 71*c + 706. What is q(-7)?
209
Let g(a) = 2*a**3 - 5*a**2 + 77*a - 350. Determine g(4).
6
Let y(s) = -2*s**3 - 59*s**2 + 24*s - 77. What is y(-30)?
103
Let d(t) = 5*t**2 + 64*t - 14. Calculate d(-13).
-1
Let u(w) = -w**3 - 380*w**2 - 773*w - 28. Determine u(-2).
6
Let v(w) = 760*w + 788. Determine v(-1).
28
Let c(u) = 4*u**3 + 343*u**2 - 179*u - 7993. Calculate c(-86).
5
Let a(c) = c**3 - 24*c**2 + 144*c - 294. Give a(16).
-38
Let z(a) = -9*a**2 + 376*a - 537. Give z(40).
103
Let w(h) = -4*h**3 + 31*h**2 - 14*h - 15. Determine w(7).
34
Let v(r) = -4*r + 1. Give v(0).
1
Let q(o) = o**2 - 85*o + 522. Give q(7).
-24
Let h(c) = -33*c**2 - 339*c - 749. What is h(-7)?
7
Let v(b) = -b**3 - 67*b**2 - 2*b - 95. Determine v(-67).
39
Let l(z) = z**2 - 43*z + 268. Determine l(33).
-62
Let l(k) = 4*k**2 + 57*k + 54. Give l(-1).
1
Let c(g) = -g**3 - 21*g**2 - 70*g - 291. Determine c(-18).
-3
Let u(h) = h**3 - 11*h**2 + 1522*h - 11991. Calculate u(8).
-7
Let t(i) = -3*i**3 + 4*i**2 + 58*i + 14. What is t(-4)?
38
Let k(d) = -d**3 - 94*d**2 + 179*d - 1252. Give k(-96).
-4
Let d(z) = -z**2 - 57*z + 2486. What is d(29)?
-8
Let m(h) = h**2 + 28*h - 349. What is m(9)?
-16
Let r(c) = -5*c**2 - 734*c - 527. What is r(-146)?
57
Let c(f) = 170*f - 5642. Calculate c(33).
-32
Let s(l) = -41*l**2 - 11*l + 13. Calculate s(1).
-39
Let x(j) = -4*j - 112. What is x(-14)?
-56
Let p(l) = -93*l + 346. What is p(5)?
-119
Let a(h) = -h**2 + 14*h - 48. Calculate a(12).
-24
Let o(b) = -b + 49. What is o(54)?
-5
Let t(n) = n**3 - 11*n**2 + 133*n - 1461. Calculate t(11).
2
Let s(i) = -i**2 + 35*i - 185. What is s(7)?
11
Let a(r) = -r**2 - 6*r + 196. What is a(13)?
-51
Let s(h) = 3*h**3 + 54*h**2 + 71*h + 52. Calculate s(-17).
-288
Let n(f) = -f**3 + 4*f**2 + 79*f - 447. Calculate n(6).
-45
Let p(a) = -a**3 + 7*a**2 + 34*a + 19. Determine p(10).
59
Let b(y) = -y**2 - 5*y + 2536. Determine b(48).
-8
Let o(i) = -27*i - 354. Determine o(-13).
-3
Let t(c) = -6*c**2 - 7*c + 172. Give t(0).
172
Let n(u) = -69*u - 3480. Give n(-51).
39
Let w(t) = 16*t**3 - 4*t**2 - 277*t + 278. Determine w(1).
13
Let k(r) = -r**3 + 10*r**2 + 13*r - 24. What is k(12)?
-156
Let o(c) = -c**3 - 16*c**2 - 39*c - 108. What is o(-14)?
46
Let l(q) = q**2 + 1117*q - 23926. What is l(21)?
-28
Let